{"id":10,"date":"2021-09-21T09:09:45","date_gmt":"2021-09-21T13:09:45","guid":{"rendered":"https:\/\/proecompany.com\/site\/?page_id=10"},"modified":"2021-11-03T21:44:32","modified_gmt":"2021-11-04T01:44:32","slug":"inicio","status":"publish","type":"page","link":"https:\/\/proecompany.com\/site\/","title":{"rendered":"Proe Company"},"content":{"rendered":"\t\t<div data-elementor-type=\"wp-page\" data-elementor-id=\"10\" class=\"elementor elementor-10\">\n\t\t\t\t\t\t<section class=\"elementor-section elementor-top-section elementor-element elementor-element-6fb1c90 elementor-section-boxed elementor-section-height-default elementor-section-height-default\" data-id=\"6fb1c90\" data-element_type=\"section\">\n\t\t\t\t\t\t<div class=\"elementor-container elementor-column-gap-default\">\n\t\t\t\t\t<div class=\"elementor-column elementor-col-100 elementor-top-column elementor-element elementor-element-b23d576\" data-id=\"b23d576\" data-element_type=\"column\">\n\t\t\t<div class=\"elementor-widget-wrap elementor-element-populated\">\n\t\t\t\t\t\t<div class=\"elementor-element elementor-element-c45cfaa elementor-pagination-position-outside elementor-widget elementor-widget-image-carousel\" data-id=\"c45cfaa\" data-element_type=\"widget\" data-settings=\"{&quot;slides_to_show&quot;:&quot;1&quot;,&quot;navigation&quot;:&quot;dots&quot;,&quot;autoplay&quot;:&quot;yes&quot;,&quot;pause_on_hover&quot;:&quot;yes&quot;,&quot;pause_on_interaction&quot;:&quot;yes&quot;,&quot;autoplay_speed&quot;:5000,&quot;infinite&quot;:&quot;yes&quot;,&quot;effect&quot;:&quot;slide&quot;,&quot;speed&quot;:500}\" data-widget_type=\"image-carousel.default\">\n\t\t\t\t<div class=\"elementor-widget-container\">\n\t\t\t<style>\/*! elementor - v3.19.0 - 07-02-2024 *\/\n.elementor-widget-image-carousel .swiper,.elementor-widget-image-carousel .swiper-container{position:static}.elementor-widget-image-carousel .swiper-container .swiper-slide figure,.elementor-widget-image-carousel .swiper .swiper-slide figure{line-height:inherit}.elementor-widget-image-carousel .swiper-slide{text-align:center}.elementor-image-carousel-wrapper:not(.swiper-container-initialized):not(.swiper-initialized) .swiper-slide{max-width:calc(100% \/ var(--e-image-carousel-slides-to-show, 3))}<\/style>\t\t<div class=\"elementor-image-carousel-wrapper swiper-container\" dir=\"ltr\">\n\t\t\t<div class=\"elementor-image-carousel swiper-wrapper\" aria-live=\"off\">\n\t\t\t\t\t\t\t\t<div class=\"swiper-slide\" role=\"group\" aria-roledescription=\"slide\" aria-label=\"1 of 4\"><figure class=\"swiper-slide-inner\"><img decoding=\"async\" class=\"swiper-slide-image\" src=\"https:\/\/proecompany.com\/site\/wp-content\/uploads\/elementor\/thumbs\/Banner-0-PROE-Consulting-VLG1-1366-x-527-px-1-1-pfjom18fptoqmbo66mddqhkls822lx1vk0fv0clkba.png\" alt=\"Banner 0 PROE Consulting VLG1 (1366 x 527 px) (1) (1)\" \/><\/figure><\/div><div class=\"swiper-slide\" role=\"group\" aria-roledescription=\"slide\" aria-label=\"2 of 4\"><figure class=\"swiper-slide-inner\"><img decoding=\"async\" class=\"swiper-slide-image\" src=\"https:\/\/proecompany.com\/site\/wp-content\/uploads\/elementor\/thumbs\/1-10-pfjooa2k1krecser2lbaox68vczmzvysj4jma59pg6.png\" alt=\"1\" \/><\/figure><\/div><div class=\"swiper-slide\" role=\"group\" aria-roledescription=\"slide\" aria-label=\"3 of 4\"><figure class=\"swiper-slide-inner\"><img decoding=\"async\" class=\"swiper-slide-image\" src=\"https:\/\/proecompany.com\/site\/wp-content\/uploads\/elementor\/thumbs\/2-10-pfjoq6orwhdbwbn2xwz28xuw8hlflsj74k62bcfyty.png\" alt=\"2\" \/><\/figure><\/div><div class=\"swiper-slide\" role=\"group\" aria-roledescription=\"slide\" aria-label=\"4 of 4\"><figure class=\"swiper-slide-inner\"><img decoding=\"async\" class=\"swiper-slide-image\" src=\"https:\/\/proecompany.com\/site\/wp-content\/uploads\/elementor\/thumbs\/3-7-pfjoqyvxlifxkmi4d95vbqqq21qg0pn58fqmpna5na.png\" alt=\"3\" \/><\/figure><\/div>\t\t\t<\/div>\n\t\t\t\t\t\t\t\n\t\t\t\t\t\t\t\t\t<div class=\"swiper-pagination\"><\/div>\n\t\t\t\t\t\t\t\t\t<\/div>\n\t\t\t\t<\/div>\n\t\t\t\t<\/div>\n\t\t\t\t\t<\/div>\n\t\t<\/div>\n\t\t\t\t\t<\/div>\n\t\t<\/section>\n\t\t\t\t<section class=\"elementor-section elementor-top-section elementor-element elementor-element-959b112 elementor-section-boxed elementor-section-height-default elementor-section-height-default\" data-id=\"959b112\" data-element_type=\"section\">\n\t\t\t\t\t\t<div class=\"elementor-container elementor-column-gap-default\">\n\t\t\t\t\t<div class=\"elementor-column elementor-col-33 elementor-top-column elementor-element elementor-element-fa95a60\" data-id=\"fa95a60\" data-element_type=\"column\">\n\t\t\t<div class=\"elementor-widget-wrap elementor-element-populated\">\n\t\t\t\t\t\t<div class=\"elementor-element elementor-element-f8a6284 elementor-widget elementor-widget-image\" data-id=\"f8a6284\" data-element_type=\"widget\" data-widget_type=\"image.default\">\n\t\t\t\t<div class=\"elementor-widget-container\">\n\t\t\t<style>\/*! elementor - v3.19.0 - 07-02-2024 *\/\n.elementor-widget-image{text-align:center}.elementor-widget-image a{display:inline-block}.elementor-widget-image a img[src$=\".svg\"]{width:48px}.elementor-widget-image img{vertical-align:middle;display:inline-block}<\/style>\t\t\t\t\t\t\t\t\t\t\t<a href=\"https:\/\/proecompany.com\/site\/index.php\/quienes-somos\/\">\n\t\t\t\t\t\t\t<img fetchpriority=\"high\" decoding=\"async\" width=\"750\" height=\"750\" src=\"https:\/\/proecompany.com\/site\/wp-content\/uploads\/2021\/11\/Quienes-somos-1.png\" class=\"attachment-large size-large wp-image-541\" alt=\"\" srcset=\"https:\/\/proecompany.com\/site\/wp-content\/uploads\/2021\/11\/Quienes-somos-1.png 1024w, https:\/\/proecompany.com\/site\/wp-content\/uploads\/2021\/11\/Quienes-somos-1-300x300.png 300w, https:\/\/proecompany.com\/site\/wp-content\/uploads\/2021\/11\/Quienes-somos-1-150x150.png 150w, https:\/\/proecompany.com\/site\/wp-content\/uploads\/2021\/11\/Quienes-somos-1-768x768.png 768w, https:\/\/proecompany.com\/site\/wp-content\/uploads\/2021\/11\/Quienes-somos-1-270x270.png 270w, https:\/\/proecompany.com\/site\/wp-content\/uploads\/2021\/11\/Quienes-somos-1-230x230.png 230w\" sizes=\"(max-width: 750px) 100vw, 750px\" \/>\t\t\t\t\t\t\t\t<\/a>\n\t\t\t\t\t\t\t\t\t\t\t\t\t<\/div>\n\t\t\t\t<\/div>\n\t\t\t\t<div class=\"elementor-element elementor-element-1b651c7 elementor-widget elementor-widget-text-editor\" data-id=\"1b651c7\" data-element_type=\"widget\" data-widget_type=\"text-editor.default\">\n\t\t\t\t<div class=\"elementor-widget-container\">\n\t\t\t<style>\/*! elementor - v3.19.0 - 07-02-2024 *\/\n.elementor-widget-text-editor.elementor-drop-cap-view-stacked .elementor-drop-cap{background-color:#69727d;color:#fff}.elementor-widget-text-editor.elementor-drop-cap-view-framed .elementor-drop-cap{color:#69727d;border:3px solid;background-color:transparent}.elementor-widget-text-editor:not(.elementor-drop-cap-view-default) .elementor-drop-cap{margin-top:8px}.elementor-widget-text-editor:not(.elementor-drop-cap-view-default) .elementor-drop-cap-letter{width:1em;height:1em}.elementor-widget-text-editor .elementor-drop-cap{float:left;text-align:center;line-height:1;font-size:50px}.elementor-widget-text-editor .elementor-drop-cap-letter{display:inline-block}<\/style>\t\t\t\t<p><a style=\"color: white; font-size: 15px;\" href=\"https:\/\/proecompany.com\/site\/index.php\/quienes-somos\/\"> Proe Consulting es un distribuidor mayorista autorizado TIER1 de equipos MICROSENS para Latinoam\u00e9rica, contamos con un staff de Ingenieros que est\u00e1n a la disposici\u00f3n para el apoyo a nuestros integradores en preventa y posventa de todas las soluciones.<\/a><\/p>\t\t\t\t\t\t<\/div>\n\t\t\t\t<\/div>\n\t\t\t\t\t<\/div>\n\t\t<\/div>\n\t\t\t\t<div class=\"elementor-column elementor-col-33 elementor-top-column elementor-element elementor-element-e433771\" data-id=\"e433771\" data-element_type=\"column\">\n\t\t\t<div class=\"elementor-widget-wrap elementor-element-populated\">\n\t\t\t\t\t\t<div class=\"elementor-element elementor-element-fa377e4 elementor-widget elementor-widget-image\" data-id=\"fa377e4\" data-element_type=\"widget\" data-widget_type=\"image.default\">\n\t\t\t\t<div class=\"elementor-widget-container\">\n\t\t\t\t\t\t\t\t\t\t\t\t\t\t<a href=\"https:\/\/proecompany.com\/site\/index.php\/redes-empresariales\/\">\n\t\t\t\t\t\t\t<img decoding=\"async\" width=\"750\" height=\"750\" src=\"https:\/\/proecompany.com\/site\/wp-content\/uploads\/2021\/11\/Redes-Modernas-1.png\" class=\"attachment-large size-large wp-image-542\" alt=\"\" srcset=\"https:\/\/proecompany.com\/site\/wp-content\/uploads\/2021\/11\/Redes-Modernas-1.png 1024w, https:\/\/proecompany.com\/site\/wp-content\/uploads\/2021\/11\/Redes-Modernas-1-300x300.png 300w, https:\/\/proecompany.com\/site\/wp-content\/uploads\/2021\/11\/Redes-Modernas-1-150x150.png 150w, https:\/\/proecompany.com\/site\/wp-content\/uploads\/2021\/11\/Redes-Modernas-1-768x768.png 768w, https:\/\/proecompany.com\/site\/wp-content\/uploads\/2021\/11\/Redes-Modernas-1-270x270.png 270w, https:\/\/proecompany.com\/site\/wp-content\/uploads\/2021\/11\/Redes-Modernas-1-230x230.png 230w\" sizes=\"(max-width: 750px) 100vw, 750px\" \/>\t\t\t\t\t\t\t\t<\/a>\n\t\t\t\t\t\t\t\t\t\t\t\t\t<\/div>\n\t\t\t\t<\/div>\n\t\t\t\t<div class=\"elementor-element elementor-element-2600d98 elementor-widget elementor-widget-text-editor\" data-id=\"2600d98\" data-element_type=\"widget\" data-widget_type=\"text-editor.default\">\n\t\t\t\t<div class=\"elementor-widget-container\">\n\t\t\t\t\t\t\t<p><a style=\"color: white; font-size:15px; \" href=\"https:\/\/proecompany.com\/site\/index.php\/redes-empresariales\/\">\nLas redes modernas requieren de infraestructuras que soporten m\u00faltiples servicios en la red de una manera costo efectiva, perdurable en el tiempo, de bajo mantenimiento y eficiente energ\u00e9ticamente.<\/a><\/p>\t\t\t\t\t\t<\/div>\n\t\t\t\t<\/div>\n\t\t\t\t\t<\/div>\n\t\t<\/div>\n\t\t\t\t<div class=\"elementor-column elementor-col-33 elementor-top-column elementor-element elementor-element-c0db5bb\" data-id=\"c0db5bb\" data-element_type=\"column\">\n\t\t\t<div class=\"elementor-widget-wrap elementor-element-populated\">\n\t\t\t\t\t\t<div class=\"elementor-element elementor-element-e988d2f elementor-widget elementor-widget-image\" data-id=\"e988d2f\" data-element_type=\"widget\" data-widget_type=\"image.default\">\n\t\t\t\t<div class=\"elementor-widget-container\">\n\t\t\t\t\t\t\t\t\t\t\t\t\t\t<a href=\"https:\/\/proecompany.com\/site\/index.php\/soluciones-industriales\/\">\n\t\t\t\t\t\t\t<img decoding=\"async\" width=\"750\" height=\"750\" src=\"https:\/\/proecompany.com\/site\/wp-content\/uploads\/2021\/11\/Ambientes-complejos-1.png\" class=\"attachment-large size-large wp-image-540\" alt=\"\" srcset=\"https:\/\/proecompany.com\/site\/wp-content\/uploads\/2021\/11\/Ambientes-complejos-1.png 1024w, https:\/\/proecompany.com\/site\/wp-content\/uploads\/2021\/11\/Ambientes-complejos-1-300x300.png 300w, https:\/\/proecompany.com\/site\/wp-content\/uploads\/2021\/11\/Ambientes-complejos-1-150x150.png 150w, https:\/\/proecompany.com\/site\/wp-content\/uploads\/2021\/11\/Ambientes-complejos-1-768x768.png 768w, https:\/\/proecompany.com\/site\/wp-content\/uploads\/2021\/11\/Ambientes-complejos-1-270x270.png 270w, https:\/\/proecompany.com\/site\/wp-content\/uploads\/2021\/11\/Ambientes-complejos-1-230x230.png 230w\" sizes=\"(max-width: 750px) 100vw, 750px\" \/>\t\t\t\t\t\t\t\t<\/a>\n\t\t\t\t\t\t\t\t\t\t\t\t\t<\/div>\n\t\t\t\t<\/div>\n\t\t\t\t<div class=\"elementor-element elementor-element-6b47636 elementor-widget elementor-widget-text-editor\" data-id=\"6b47636\" data-element_type=\"widget\" data-widget_type=\"text-editor.default\">\n\t\t\t\t<div class=\"elementor-widget-container\">\n\t\t\t\t\t\t\t\n<p><a style=\"color: white; font-size:15px; \" href=\"https:\/\/proecompany.com\/site\/index.php\/soluciones-industriales\/\">\nLa naturaleza compleja y aislada de las operaciones de Industriales, sistemas el\u00e9ctricos, el sector de petr\u00f3leo y gas aumenta la necesidad de redes de datos altamente confiables para sus aplicaciones cr\u00edticas del negocio. Las necesidades de redes con capacidad de integrar una amplia gama de aplicaciones y servicios en una sola red son vitales para la sustentabilidad de sus operaciones.<\/a><\/p>\t\t\t\t\t\t<\/div>\n\t\t\t\t<\/div>\n\t\t\t\t\t<\/div>\n\t\t<\/div>\n\t\t\t\t\t<\/div>\n\t\t<\/section>\n\t\t\t\t<\/div>\n\t\t","protected":false},"excerpt":{"rendered":"<p>Proe Consulting es un distribuidor mayorista autorizado TIER1 de equipos MICROSENS para Latinoam\u00e9rica, contamos con un staff de Ingenieros que est\u00e1n a la disposici\u00f3n para el apoyo a nuestros integradores en preventa y posventa de todas las soluciones. Las redes<\/p>\n","protected":false},"author":1,"featured_media":0,"parent":0,"menu_order":0,"comment_status":"closed","ping_status":"closed","template":"","meta":{"footnotes":""},"class_list":["post-10","page","type-page","status-publish","hentry"],"_links":{"self":[{"href":"https:\/\/proecompany.com\/site\/index.php\/wp-json\/wp\/v2\/pages\/10","targetHints":{"allow":["GET"]}}],"collection":[{"href":"https:\/\/proecompany.com\/site\/index.php\/wp-json\/wp\/v2\/pages"}],"about":[{"href":"https:\/\/proecompany.com\/site\/index.php\/wp-json\/wp\/v2\/types\/page"}],"author":[{"embeddable":true,"href":"https:\/\/proecompany.com\/site\/index.php\/wp-json\/wp\/v2\/users\/1"}],"replies":[{"embeddable":true,"href":"https:\/\/proecompany.com\/site\/index.php\/wp-json\/wp\/v2\/comments?post=10"}],"version-history":[{"count":83,"href":"https:\/\/proecompany.com\/site\/index.php\/wp-json\/wp\/v2\/pages\/10\/revisions"}],"predecessor-version":[{"id":676,"href":"https:\/\/proecompany.com\/site\/index.php\/wp-json\/wp\/v2\/pages\/10\/revisions\/676"}],"wp:attachment":[{"href":"https:\/\/proecompany.com\/site\/index.php\/wp-json\/wp\/v2\/media?parent=10"}],"curies":[{"name":"wp","href":"https:\/\/api.w.org\/{rel}","templated":true}]}}